n 3306158 is divided by 41849?
87
Calculate the remainder when 842416 is divided by 1213.
594
What is the remainder when 6431976 is divided by 2874?
2838
Calculate the remainder when 93347 is divided by 5192.
5083
Calculate the remainder when 43217 is divided by 417.
266
Calculate the remainder when 69912 is divided by 173.
20
What is the remainder when 41303432 is divided by 757?
755
Calculate the remainder when 79071096 is divided by 9138.
9120
Calculate the remainder when 5197370 is divided by 1740.
1730
What is the remainder when 27391066 is divided by 89513?
88
Calculate the remainder when 1548495 is divided by 129041.
3
What is the remainder when 672917 is divided by 7474?
257
Calculate the remainder when 678467 is divided by 169516.
403
Calculate the remainder when 134353 is divided by 265.
263
Calculate the remainder when 5368486 is divided by 1885.
6
What is the remainder when 1005327 is divided by 27166?
185
Calculate the remainder when 73612 is divided by 72682.
930
Calculate the remainder when 185828 is divided by 1659.
20
Calculate the remainder when 4255607 is divided by 170.
167
Calculate the remainder when 274383 is divided by 68487.
435
Calculate the remainder when 1898977 is divided by 228.
193
What is the remainder when 18862271 is divided by 1716?
1715
What is the remainder when 163040612 is divided by 341?
328
Calculate the remainder when 14972980 is divided by 211.
209
What is the remainder when 891 is divided by 292?
15
What is the remainder when 7099 is divided by 201?
64
Calculate the remainder when 2792771 is divided by 3595.
3051
Calculate the remainder when 1743908 is divided by 6875.
4533
What is the remainder when 52070 is divided by 1975?
720
Calculate the remainder when 6394782 is divided by 913530.
72
Calculate the remainder when 226479 is divided by 1281.
1023
What is the remainder when 927839 is divided by 2787?
2555
Calculate the remainder when 1765785 is divided by 13075.
660
What is the remainder when 25144123 is divided by 8611?
3
Calculate the remainder when 2765774 is divided by 34.
10
Calculate the remainder when 113480 is divided by 28361.
36
What is the remainder when 9941 is divided by 932?
621
What is the remainder when 1443824 is divided by 187?
184
What is the remainder when 98291 is divided by 49038?
215
Calculate the remainder when 25511 is divided by 2639.
1760
Calculate the remainder when 2136633 is divided by 187.
158
What is the remainder when 106442030 is divided by 16?
14
What is the remainder when 1022293 is divided by 399?
55
Calculate the remainder when 52483690 is divided by 51.
49
What is the remainder when 448725 is divided by 12127?
26
What is the remainder when 16998 is divided by 2348?
562
What is the remainder when 141336464 is divided by 97?
92
What is the remainder when 302198 is divided by 6429?
35
What is the remainder when 6293868 is divided by 4711?
4683
Calculate the remainder when 431315 is divided by 131.
63
Calculate the remainder when 17770568 is divided by 12803.
4
Calculate the remainder when 188373677 is divided by 1291.
1285
What is the remainder when 230568479 is divided by 48?
47
What is the remainder when 147842 is divided by 3877?
516
What is the remainder when 130234169 is divided by 4651220?
9
Calculate the remainder when 202417080 is divided by 149.
133
What is the remainder when 122741148 is divided by 992?
988
Calculate the remainder when 33056 is divided by 672.
128
Calculate the remainder when 2102530 is divided by 700774.
208
Calculate the remainder when 370776 is divided by 11227.
285
Calculate the remainder when 474251 is divided by 6.
5
What is the remainder when 95286 is divided by 15857?
144
Calculate the remainder when 153557 is divided by 1231.
913
Calculate the remainder when 43287 is divided by 2051.
216
Calculate the remainder when 30107155 is divided by 32.
19
Calculate the remainder when 2228214 is divided by 46421.
6
Calculate the remainder when 1174826 is divided by 3560.
26
Calculate the remainder when 13201280 is divided by 53.
40
What is the remainder when 375769 is divided by 62568?
361
What is the remainder when 368702 is divided by 95?
7
Calculate the remainder when 7999 is divided by 3391.
1217
Calculate the remainder when 2152827 is divided by 14.
5
What is the remainder when 58810775 is divided by 141033?
14
What is the remainder when 537196 is divided by 87725?
10846
Calculate the remainder when 69779 is divided by 549.
56
Calculate the remainder when 2319842 is divided by 57996.
2
What is the remainder when 8976078 is divided by 59?
54
What is the remainder when 10786 is divided by 1073?
56
Calculate the remainder when 15934428 is divided by 1621.
1619
What is the remainder when 3233305 is divided by 876?
865
Calculate the remainder when 4679270 is divided by 192.
38
Calculate the remainder when 1826314 is divided by 38857.
35
What is the remainder when 213221 is divided by 525?
71
What is the remainder when 28038823 is divided by 135?
133
What is the remainder when 25014332 is divided by 2274028?
24
What is the remainder when 818892 is divided by 3370?
3352
What is the remainder when 10669304 is divided by 1942?
1898
Calculate the remainder when 31837430 is divided by 34795.
5
What is the remainder when 310252 is divided by 1521?
1489
What is the remainder when 832197 is divided by 34?
13
What is the remainder when 29447063 is divided by 648?
647
Calculate the remainder when 6564747 is divided by 66987.
21
What is the remainder when 57432 is divided by 269?
135
What is the remainder when 1166824 is divided by 963?
631
Calculate the remainder when 998924 is divided by 4582.
48
What is the remainder when 1993030 is divided by 6802?
44
Calculate the remainder when 68479525 is divided by 93.
91
What is the remainder when 315708 is divided by 180?
168
Calculate the remainder when 11049363 is divided by 5524602.
159
What is the remainder when 76587156 is divided by 160?
116
What is the remainder when 3235415 is divided by 1078471?
2
What is the remainder when 65009065 is divided by 266?
261
Calculate the remainder when 3636413 is divided by 1802.
1779
What is the remainder when 212849497 is divided by 27?
19
What is the remainder when 148677 is divided by 1791?
24
Calculate the remainder when 124933 is divided by 94.
7
Calculate the remainder when 5433446 is divided by 679166.
118
What is the remainder when 920580911 is divided by 2402?
2401
Calculate the remainder when 354188 is divided by 2531.
2379
What is the remainder when 441780 is divided by 63103?
59
Calculate the remainder when 2691889 is divided by 82.
75
Calculate the remainder when 2556224 is divided by 2556199.
25
Calculate the remainder when 107234 is divided by 3002.
2164
What is the remainder when 2324484 is divided by 697?
686
What is the remainder when 1419976 is divided by 97?
90
What is the remainder when 30616886 is divided by 115973?
14
What is the remainder when 4231885 is divided by 222729?
34
What is the remainder when 25132383 is divided by 29?
26
What is the remainder when 364240063 is divided by 5207?
5206
Calculate the remainder when 15738287 is divided by 1826.
1819
What is the remainder when 1840164 is divided by 160?
4
Calculate the remainder when 2205376 is divided by 836.
8
What is the remainder when 15604 is divided by 1887?
508
What is the remainder when 163809 is divided by 836?
789
What is the remainder when 8337016 is divided by 4168508?
0
Calculate the remainder when 432457 is divided by 216225.
7
Calculate the remainder when 71960 is divided by 899.
40
Calculate the remainder when 143850 is divided by 4358.
36
What is the remainder when 2239112 is divided by 1035?
407
Calculate the remainder when 291985 is divided by 2252.
1477
Calculate the remainder when 11472816 is divided by 882523.
17
Calculate the remainder when 87668 is divided by 21914.
12
Calculate the remainder when 615584 is divided by 205125.
209
Calculate the remainder when 50959195 is divided by 19.
17
Calculate the remainder when 183063 is divided by 3741.
3495
What is the remainder when 158859 is divided by 183?
15
Calculate the remainder when 2381028 is divided by 9411.
45
What is the remainder when 882565 is divided by 44126?
45
What is the remainder when 665146 is divi